- 6*s**2 + 15*s + 81. Calculate y(-6).
-9
Let j(z) = -z**3 - 5*z**2 - 4*z - 7. Calculate j(-4).
-7
Let i(c) = 8*c**3 - 16*c**2 - 4*c + 3. Give i(2).
-5
Let o(c) = c**3 + 11*c**2 - 18*c - 9. Give o(-12).
63
Let s(h) = h**2 - h + 27. What is s(0)?
27
Let z(m) = -m**2 - 3*m + 6. Determine z(-4).
2
Let u(j) = j**2 - 4*j - 11. What is u(-4)?
21
Let t(y) = -5*y**2 - y + 5. Calculate t(2).
-17
Let y(o) = -o**3 + 6*o**2 - 3*o + 2. Determine y(5).
12
Let a(i) = -i**3 - i**2 - 2*i + 3. Calculate a(0).
3
Let v(z) = -z**3 + 8*z**2 + 2*z - 4. Determine v(2).
24
Let k(v) = -2*v - 2. Determine k(-8).
14
Let s(o) = -o**2 - o + 27. Determine s(10).
-83
Let x(t) = 2*t**2 - 26*t - 52. Calculate x(-2).
8
Let d(b) = 10*b - 2. Calculate d(-2).
-22
Let d(t) = 33*t + 600. What is d(-18)?
6
Let h(t) = 13*t + 119. Calculate h(-9).
2
Let z(r) = 11*r - 41. What is z(5)?
14
Let c(t) = 2*t**2 + 17*t. Determine c(-8).
-8
Let t(m) = m**2 + 12*m - 36. Give t(-15).
9
Let w(r) = r**2 + 26*r - 2. Give w(-19).
-135
Let w(x) = -x**3 + 8*x**2 - 8*x - 3. Determine w(7).
-10
Let n(p) = p**2 + 40*p + 172. What is n(-5)?
-3
Let j(x) = -x**2 + x - 4. What is j(-3)?
-16
Let j(c) = c**2 - c - 6. Determine j(2).
-4
Let v(r) = -14*r**2. Calculate v(1).
-14
Let m(w) = -68*w - 20. Calculate m(2).
-156
Let s(z) = z**2 + 11*z + 6. Give s(-7).
-22
Let a(o) = -8*o - 5. Determine a(-4).
27
Let k(w) = 13*w**2 - 5*w - 5. Determine k(-1).
13
Let p(r) = r**3 - 8*r**2 - 8*r - 1. Determine p(9).
8
Let k(o) = o**3 - 16*o**2 + 4*o + 8. Calculate k(16).
72
Let s(j) = 23*j - 68. Determine s(4).
24
Let p(m) = m**2 + 14*m + 41. What is p(-11)?
8
Let i(l) = 9*l**3 - 3*l**2 - 4*l + 5. Give i(1).
7
Let o(q) = 7*q**3 - q**2 - 2*q + 1. What is o(1)?
5
Let o(s) = s**2 + 10*s + 1. What is o(-2)?
-15
Let s(p) = -30*p - 5. Give s(-3).
85
Let w(o) = -41*o + 36. What is w(-4)?
200
Let t(o) = o**3 + 3*o**2 - 2*o + 4. Calculate t(-3).
10
Let u(v) = -10*v + 86. Determine u(8).
6
Let r(n) = -11*n - 143. Give r(-13).
0
Let p(m) = -12*m - 40. What is p(-6)?
32
Let t(r) = r**2 + 11*r - 7. What is t(-8)?
-31
Let r(v) = v**3 + 10*v**2 + 9*v - 8. Give r(-9).
-8
Let u(o) = o**3 + 21*o**2 - 23*o - 25. Give u(-22).
-3
Let s(i) = -i**2 - 2*i + 12. Give s(-4).
4
Let o(z) = -z**2 - 23*z + 102. Calculate o(-27).
-6
Let m(n) = 3*n**2 - 33*n + 10. Determine m(11).
10
Let x(t) = -t**3 + 7*t**2 - 2*t. Determine x(7).
-14
Let v(x) = 4*x + 5. Determine v(-5).
-15
Let c(x) = -x**2 + 45*x - 22. Determine c(45).
-22
Let w(z) = 2*z**3 + 24*z**2 - 26*z + 7. Give w(-13).
7
Let v(d) = -d**2 - 11*d - 6. Determine v(-11).
-6
Let w(z) = -31*z. Calculate w(2).
-62
Let u(p) = -p**3 + 7*p**2 + 7*p - 3. Determine u(8).
-11
Let d(u) = 9*u + 26. Give d(3).
53
Let h(s) = -s**2 + 12*s - 15. Give h(10).
5
Let y(l) = -l**3 - 5*l**2 + 7*l + 11. Calculate y(-6).
5
Let m(z) = z**2 - 68*z + 793. Give m(53).
-2
Let p(w) = 13*w. Determine p(-2).
-26
Let v(b) = 3*b**2 - 6*b - 6. Calculate v(5).
39
Let u(q) = q - 19. Determine u(3).
-16
Let t(p) = 6*p + 24. Calculate t(-8).
-24
Let i(l) = -l**3 - 6*l**2 + 3*l - 28. Calculate i(-7).
0
Let s(w) = -3*w**3 + 3*w**2 + w. Determine s(3).
-51
Let k(g) = -13*g + 10. Calculate k(-3).
49
Let g(w) = 2*w**3 + w**2. Determine g(-1).
-1
Let h(c) = -c**3 + 24*c**2 - 20*c - 69. Give h(23).
0
Let w(g) = 3*g + 3. Determine w(-5).
-12
Let s(x) = -x**3 + 9*x**2 + 2*x. Calculate s(9).
18
Let z(t) = -t**3 - 2*t**2 - 3*t + 4. Determine z(-4).
48
Let b(k) = -k**3 + 7*k**2 - 12*k + 4. Give b(5).
-6
Let i(w) = 9*w + 6. Calculate i(7).
69
Let v(l) = -5*l - 38. Give v(-17).
47
Let x(d) = -d**2 + 9*d - 25. Determine x(4).
-5
Let v(c) = c**3 + 9*c**2 - 41*c - 204. Give v(-11).
5
Let i(x) = -22*x**2 - 2*x. Calculate i(-1).
-20
Let s(x) = 2*x**2 + 21*x + 14. Calculate s(-11).
25
Let b(y) = 11*y**2 - 11*y + 11. What is b(1)?
11
Let v(l) = -30*l + 61. Determine v(2).
1
Let c(i) = 6*i + 205. Calculate c(-34).
1
Let k(v) = -v + 6. Calculate k(-9).
15
Let i(j) = -j**3 + 12*j**2 - 10*j + 5. Give i(11).
16
Let v(o) = -24*o + 116. What is v(5)?
-4
Let r(g) = 2*g**2 + 3*g - 1. Give r(1).
4
Let y(z) = z**2 + 2*z - 11. Determine y(-3).
-8
Let f(m) = -4*m**2 + 20*m + 10. Determine f(5).
10
Let s(u) = -u**3 + 8*u**2 - 8*u + 13. Determine s(7).
6
Let k(o) = o**3 + 4*o**2 - o + 9. Determine k(-6).
-57
Let q(r) = -r + 3. Calculate q(4).
-1
Let j(q) = q**3 + 15*q**2 + 12*q - 18. Give j(-14).
10
Let q(a) = 9*a + 5. What is q(-2)?
-13
Let n(j) = 3*j**3 + 2*j**2 - 3*j - 3. Calculate n(-2).
-13
Let a(z) = z**3 + 5*z**2 + 5*z + 11. Determine a(-5).
-14
Let i(p) = 18*p - 8. Determine i(-2).
-44
Let j(f) = -f**3 + 13*f**2 - 10*f + 6. Give j(12).
30
Let v(g) = -g**2 + 14*g - 15. Give v(12).
9
Let c(m) = 13*m**2 - 2*m + 1. Calculate c(1).
12
Let f(p) = -17*p**3 + 3*p**2 - 17*p + 15. Calculate f(1).
-16
Let j(f) = 24*f - 16. Give j(1).
8
Let u(v) = 3*v + 11. Determine u(-5).
-4
Let r(z) = 12*z + 66. What is r(-5)?
6
Let a(i) = i - 6. Calculate a(-5).
-11
Let v(n) = 6*n**2 - 4*n + 4. What is v(3)?
46
Let r(w) = -6*w - 6. Give r(-8).
42
Let p(i) = -3*i**2 - 21*i - 39. What is p(-6)?
-21
Let t(z) = 12*z**2 - 818*z + 136. Calculate t(68).
0
Let n(o) = 3*o**3 - 32*o**2 - 12*o + 19. Give n(11).
8
Let y(z) = z**2 + 49*z + 543. Determine y(-17).
-1
Let i(y) = -y**2 - y - 6. Calculate i(0).
-6
Let o(x) = -x**2 - 12*x + 2. What is o(-10)?
22
Let j(h) = -11*h - 22. What is j(-4)?
22
Let o(t) = t**2 + 30*t - 15. What is o(-30)?
-15
Let g(n) = 5*n + 36. Calculate g(-11).
-19
Let y(h) = -h**3 + 4*h**2 + 3*h - 11. Give y(6).
-65
Let y(c) = -c**3 - c**2 + c - 8. Calculate y(0).
-8
Let o(m) = -m**3 + 4*m**2 - 3*m - 2. Give o(3).
-2
Let t(b) = 4*b**3 + 17*b**2 + 2*b + 3. What is t(-4)?
11
Let h(k) = k + 26. Calculate h(-16).
10
Let m(c) = -15*c + 13. What is m(1)?
-2
Let w(d) = 8*d. Calculate w(9).
72
Let r(d) = -d**3 - 7*d**2 - 8*d - 13. Calculate r(-6).
-1
Let b(r) = -r**3 - 10*r**2 + 3. Give b(-10).
3
Let g(v) = -142*v**2 - 2*v - 1. Determine g(1).
-145
Let l(s) = 3*s**2 + 22*s - 47. Give l(-9).
-2
Let t(w) = w**3 - 6*w**2 - 8. Determine t(6).
-8
Let x(t) = 7*t + 6. What is x(-4)?
-22
Let y(n) = -n**3 - 8*n**2 - 10*n - 14. Determine y(-7).
7
Let x(w) = -80*w - 323. Determine x(-4).
-3
Let y(f) = -f**2 - 18*f - 39. Determine y(-17).
-22
Let g(j) = 7*j - 45. Calculate g(6).
-3
Let t(s) = -s**2 - 3*s + 12. Determine t(-5).
2
Let v(b) = -5*b + 16. Calculate v(6).
-14
Let u(g) = -g**3 + 21*g**2 - 23*g + 55. What is u(20)?
-5
Let x(o) = -o - 75. Calculate x(-9).
-66
Let l(t) = -t**2 - 10*t - 11. Calculate l(-9).
-2
Let i(h) = 24*h - 2. What is i(-1)?
-26
Let q(n) = -10*n + 196. Determine q(20).
-4
Let b(k) = -3*k + 5. Give b(4).
-7
Let z(m) = -4*m**2 + 6*m - 2. Calculate z(1).
0
Let y(f) = f**3 + 13*f**2 + 12*f - 20. Determine y(-12).
-20
Let j(i) = -i**3 - 7*i**2 - 5. Give j(-7).
-5
Let x(k) = -3*k**2 - 7*k - 6. Give x(-4).
-26
Let c(t) = 2*t**3 - t**2 + 5*t - 3. Determine c(-3).
-81
Let i(m) = -m - 41. Calculate i(4).
-45
Let j(u) = -2*u**3 + 1. Calculate j(-2).
17
Let y(r) = -r**3. Give y(1).
-1
Let r(t) = -4*t - 82. Calculate r(-20).
-2
Let q(i) = 3*i + 22. Determine q(-6).
4
Let f(z) = -z**3 - 6*z**2 + 8*z + 5. Determine f(-7).
-2
Let b(y) = y**3 + 9*y**2 + 9*y + 9. Calculate b(-5).
64
Let b(k) = -3*k**3 + k**2 + 2. Give b(2).
-18
Let v(r) = 2*r - 14. Give v(9).
4
Let l(t) = -t**2 + 4*t - 7. Determine l(6).
-19
Let p(f) = 3*f - 20. Determine p(6).
-2
Let b(z) = -z**2 + 46*z + 64. Give b(47).
17
Let h(j) = 7*j**2. Give h(-1).
7
Let g(a) = -a**3 + 16*a**2 - 29*a + 14. Give g(14).
0
Let m(v) = -4*v**2 + 10*v - 40. What is m(6)?
-124
Let d(f) = 6*f - 56. Determine d(14).
28
Let r(w) = 144*w - 427. Give r(3).
5
Let x(n) = -n**3 + 2*n**2 + 4. What is x(5)?
-71
Let n(c) = 2*c + 52. What is n(-17)?
18
Let j(v) = v - 5. Give j(-6).
-11
Let a(b) = 40*b + 165. Calculate a(-4).
5
Let x(k) = 3*k - 53. Give x(16).
-5
Let v(s) = s**3 + s**2 + 2*s + 13. What is v(0)?
13
Let d(x) = -8*x + 65. Give d(7).
9
Let a(h) = -h**3 - 4*h**2 + 60*h + 1. Calculate a(6).
1
Let a(d) = -d - 13. Give a(-19).
6
Let n(f) = f**3 + f**2 - 3*f. Determine n(-3).
-9
Let i(k) = k**3 - 11*k**2 + 10*k - 10. Give i(10).
-10
Let r(x) = x**3 + 6*x**2 - x + 3. Determine r(-6).
9
Let f(q) = 12*q**2 - 3. Calculate f(2).
45
Let n(q) = -2